of u?
3, 83
Suppose -b + 38336 = 4*b - b. What are the prime factors of b?
2, 599
Let j(w) = 96*w**2 + 4*w + 4. Let p be j(-2). Let d be (-1)/2 + p/8 + 5. Suppose -5*v = -3*v - d. What are the prime factors of v?
2, 13
Let j be ((-224)/(-80))/((-6)/(-15)). List the prime factors of 2171/j + (-3)/21.
2, 5, 31
Suppose -10*f + 9*f + 216 = 3*x, -4 = -x. Suppose 5*r - 42 = -5*v - 2, 26 = 3*r + 5*v. Let y = f + r. What are the prime factors of y?
211
Let y = 15731 - 9419. What are the prime factors of y?
2, 3, 263
Let p = 21621 + -2727. What are the prime factors of p?
2, 3, 47, 67
Suppose 1608 + 313 = -17*s. Let f = 692 - s. What are the prime factors of f?
5, 7, 23
Let p be (-21)/(-14)*(-4)/6. Let u be 16 + -1 + 4 + p + 1. Let w = u - -53. List the prime factors of w.
2, 3
Suppose -53*p + 23*p + 14413 = -23*p. What are the prime factors of p?
29, 71
Let w = 117444 + -81925. List the prime factors of w.
11, 3229
Suppose 6*v + 4086 - 15918 = 0. Suppose 2*c + 2*j - v = 0, 0 = -5*c - 4*j + 1580 + 3354. List the prime factors of c.
2, 3, 5, 11
What are the prime factors of (-27)/(-18)*(-60768)/(-27)?
2, 211
Let p(o) = o**2 + 13*o + 10. Let j be p(-10). Let r = -16 - j. Suppose -4*i - 5*n + 95 = 0, r*i = -0*i + 3*n + 135. What are the prime factors of i?
2, 3, 5
Let w = -378 + 391. Suppose 1170 = w*q - 286. List the prime factors of q.
2, 7
Let h = -68 - -68. Suppose -30*k + 2857 + 2843 = h. What are the prime factors of k?
2, 5, 19
Let j(v) = 86*v + 347. Let k = 69 - 59. What are the prime factors of j(k)?
17, 71
Suppose 52*d = 21*d + 25*d + 41928. List the prime factors of d.
2, 1747
Suppose -77*k = -78*k + 4*n + 188, 3*n - 848 = -5*k. List the prime factors of k.
2, 43
Let b = -5867 - -17949. What are the prime factors of b?
2, 7, 863
Suppose -3*h = -3*c - 9180, -4*h + 5789 = 2*c - 6433. List the prime factors of (1/3)/(0 + 1/h).
1019
Suppose -v = -4*s + 804 + 496, -v + 1625 = 5*s. Suppose -3*x = -2*q - 0*q - s, 0 = q + 2. Let p = -53 + x. List the prime factors of p.
2, 3
What are the prime factors of 9 - (-3 + -2145 - 8)?
5, 433
Let p(v) = 182*v - 93*v - 89*v + 14*v**2 - 12. What are the prime factors of p(3)?
2, 3, 19
Let j = 372 - 155. Suppose b - j = n + 126, 3*b = n + 1033. What are the prime factors of b?
3, 5, 23
Let y(u) = -6*u - 14. Let m be y(-12). Let w = m - 58. List the prime factors of w - -4 - (-1 + -9)*20.
2, 3, 17
Suppose -5*y + 20 = 0, -4*w + 4*y - 89 = -7401. List the prime factors of w.
2, 229
Let m = -2415 - -1326. Let q = -496 - m. What are the prime factors of q?
593
Let x(c) = 851*c**2 - 7*c + 110. What are the prime factors of x(-6)?
2, 43, 179
List the prime factors of ((-21588)/36 + (-15)/(-1))/((-4)/246).
41, 877
Suppose 0 = -45*y + 37*y + 9192. Let q = y - 894. What are the prime factors of q?
3, 5, 17
Let x(j) = 11*j**2 - j**3 + 40 - 87 + 13*j + 45. Let o be x(12). Suppose -o*b + 8*b + 110 = 0. What are the prime factors of b?
5, 11
Let i(n) = 652*n - 735. What are the prime factors of i(13)?
7741
Suppose 7*x + 17 = 45. Suppose 10*q = x*q - 288. Let r = 165 + q. List the prime factors of r.
3, 13
Suppose 7*w - 10*w + 30 = 0. Suppose 10 = -4*d - w. List the prime factors of (-3)/((-9)/3)*(-420)/d.
2, 3, 7
Let n(k) = k**3 - 51*k**2 - 3*k + 158. Let x be n(51). Suppose -3*t + 3*a = -159, 5*t - 250 = -x*a + 5. List the prime factors of t.
2, 13
Let u(y) = 27*y + 2. Let t be u(4). Let z = t + -205. Let p = 133 + z. List the prime factors of p.
2, 19
List the prime factors of 18 - (-54767)/7 - 1/7*-1.
2, 3, 1307
Let v be ((-1)/2)/((-9)/5634). Let w = v + -9. List the prime factors of w.
2, 19
Let j(v) = 6*v**3 - 3*v**2 - 3*v + 2. Let x be j(6). Suppose 4*m - x + 188 = -2*n, 5*m + n = 1233. Let l = -173 + m. What are the prime factors of l?
2, 37
Suppose -5 = 5*u, -25*w = -30*w + 2*u + 49497. List the prime factors of w.
19, 521
Let u(x) = 5*x**2 + 85*x - 816. List the prime factors of u(76).
2, 3, 7, 137
What are the prime factors of 2 + (12 - (-33636)/3)?
2, 3, 1871
Let f(d) = -4*d + 126. Let i be f(29). What are the prime factors of i/25 + (-4456)/(-10)?
2, 223
Let t(k) = -54*k - 372. What are the prime factors of t(-27)?
2, 3, 181
Suppose -6*b = 19*b. Suppose b*i - 570 = -4*i - 2*a, 5*a + 549 = 4*i. List the prime factors of i.
3, 47
Let p = -11305 + 19626. Suppose 0 = 9*m + 2210 - p. List the prime factors of m.
7, 97
Suppose 22*k - 892101 = -62*k - 114681. List the prime factors of k.
3, 5, 617
Let w(n) = -3159*n - 721. What are the prime factors of w(-4)?
5, 2383
Let h(a) be the second derivative of 3*a**5/20 - a**4 + a**3 - a**2 - 59*a. List the prime factors of h(7).
13, 37
Let g = -192 - -186. Let c(d) = -107*d - 8. List the prime factors of c(g).
2, 317
Suppose -75*s = -139063 - 80501 - 90111. What are the prime factors of s?
4129
Suppose -10*r + 306 = -194. Suppose 6*j - r = j. Suppose 0 = j*k + 279 - 1249. What are the prime factors of k?
97
Let a be 0 + 40 - (7 - 11). Let z be a/12 - (-4)/(-6). Suppose z*l = s + 208, 3*l - 215 = -4*s - 27. What are the prime factors of l?
2, 17
Suppose 0 = 4*w - 68 + 4. Suppose -v + 5*p = -287, -14*p + w*p + 1058 = 4*v. List the prime factors of v.
2, 131
Let x = -146 + 147. Let q(p) = 240*p**2 - 5*p + 1. What are the prime factors of q(x)?
2, 59
Let b be 1/3 - (-4 + (-42)/9). Let j(m) = b*m**2 + 7 + 9*m**2 + 11*m - 14*m**2 + 3. List the prime factors of j(6).
2, 5, 11
Let o = 6161 - 2926. List the prime factors of o.
5, 647
Suppose 91*p - 7*p - 1704672 = 12*p. List the prime factors of p.
2, 3, 1973
Let u(m) = 30*m**2 - 7*m - 46. List the prime factors of u(12).
2, 5, 419
Let k = 37 + -14. Suppose -10*f - 5486 = -k*f. List the prime factors of f.
2, 211
Let n be 315 - (12/9 - (-91)/(-21)). Suppose -5*f - 2*b = -2760, -b = f - n - 237. List the prime factors of f.
2, 5, 11
What are the prime factors of 1*35/7 + (9 - -3177)?
3191
Let k = 14519 - 11442. What are the prime factors of k?
17, 181
Let n = 137 - -173. List the prime factors of (6 - n/(-25))/(4/410).
2, 23, 41
Suppose 0*v = -4*b + v + 35, 5*b = 4*v + 52. Suppose b*s - 10 = 3*s. Suppose 2*l - 16 - 140 = -4*c, -196 = -s*l + 4*c. List the prime factors of l.
2, 11
Suppose -795*k = -800*k + 5. Let t = -26 + 8. What are the prime factors of (k - -11)/(-1*1/t)?
2, 3
Suppose -3*j = 6, 0*q + 3*j = 3*q + 120. Let u be (112/q - (-1)/(-3)) + 69. Suppose k = 24 + u. What are the prime factors of k?
2, 3, 5
Let r = 8866 + -3250. List the prime factors of r.
2, 3, 13
Suppose -131270 = 2386*b - 2381*b. List the prime factors of (-18)/(-144) - b/16.
3, 547
Let p(n) = -19*n + 798. What are the prime factors of p(-48)?
2, 3, 5, 19
Suppose 3*t - 3*w + 7*w - 139 = 0, 2*w = -2*t + 92. Let g = t + -49. What are the prime factors of ((-1)/2)/(g - (-583)/146)?
73
Suppose -17*a - 16*a = -43*a + 209900. What are the prime factors of a?
2, 5, 2099
Let k(o) = 2 - 25 - 2 - 4*o - 14. Let z be k(-11). Suppose c + z = 57. What are the prime factors of c?
2, 13
Let i = -34 - -97. Let u(l) = -i*l**2 - 2 - 1 + 74*l**2. List the prime factors of u(3).
2, 3
List the prime factors of ((-2172)/8)/(25/(-550)).
3, 11, 181
Let c(g) = 2955*g**2 + 11*g + 11. Let a be c(-1). Suppose 3941 = 16*u - a. List the prime factors of u.
431
Suppose -19*p = -16*p. Let m be p*(-4)/(-24)*3. Suppose -j + m*j = -22. List the prime factors of j.
2, 11
Let c(q) = 5*q - 7. Let t be c(5). Suppose -t*w + 693 = -15*w. List the prime factors of w.
3, 7, 11
Let j(w) = 3*w**3 - 166*w**2 + 1292*w - 9. List the prime factors of j(8).
3, 7, 59
Let p(r) = 387*r**2 - 4*r - 3. Let v be (-42)/63 + 1/(-3). Let k be p(v). Suppose -2*a - 2*a + w + 400 = 0, 4*w + k = 4*a. List the prime factors of a.
101
Let w(n) = n + 3. Let f be w(7). Let y = f + 7. Let k = y + 23. What are the prime factors of k?
2, 5
Let o be 16/(-1) - 1 - (2 - -1). Let g be (-150)/(-125)*o/6. Let k(a) = -2*a**3 - 4*a**2 - 4*a - 2. List the prime factors of k(g).
2, 3, 13
Let t(x) = -x**3 + 45*x**2 + 54*x - 537. What are the prime factors of t(37)?
12413
Suppose -2*l - 30 = -26. What are the prime factors of 4/(-2)*(59/(-2) - l)?
5, 11
What are the prime factors of (147/(-6) - -25) + 403641/6?
2, 33637
Let o = 9210 - 4996. List the prime factors of o.
2, 7, 43
Let a = 85 - 73. Suppose -415 + 3103 = a*r. List the prime fact